{"id":2,"date":"2019-08-23T09:03:26","date_gmt":"2019-08-23T08:03:26","guid":{"rendered":"https:\/\/investinkainuu.com\/kajaani\/?page_id=2"},"modified":"2024-12-11T13:29:52","modified_gmt":"2024-12-11T13:29:52","slug":"sample-page","status":"publish","type":"page","link":"https:\/\/investinkainuu.fi\/paltamo\/","title":{"rendered":"Paltamo"},"content":{"rendered":"<div id=\"main-text-block_b64c46efac433b96860c2b6951eba81a\" class=\"main-text-block\">\r\n  <div class=\"main-text\">\r\n    <article>\r\n      <h2>Invest in Paltamo<\/h2>\r\n      <h5>Metelinniemi area in Paltamo has long been the municipality\u2019s priority for tourism and travel development. Operations are focused around the golf course area that is known as the most beautiful golf course in Finland.<\/h5>\n<p>The acquisition of the land in the beginning of 2004, created opportunities for a strong development of the area as a broad and diverse tourist destination. Today Paltamo Golf area provides summer tourism activities and the further growth in tourism is strongly supported by the municipality.<\/p>\n<p>Another main industry in Paltamo municipality is bioeconomy that has a remarkable potential impact on the employment and service provision in the area. KaiCell Fibers is a company with an objective of building and operating a state-of-the-art pulp (NBSK) and bioproducts mill in Paltamo. The Kainuu region is exceptional in having a surplus supply of Nordic fibre wood, while offering an industry friendly location in Paltamo along with cost-effective logistics to world markets. The biorefinery\u2019s principal product will be chemical sulphate pulp from softwood (pine and spruce).<\/p>\n    <\/article>\r\n        <div class=\"main-text-image\">\r\n      <img data-src=\"https:\/\/investinkainuu.fi\/paltamo\/wp-content\/uploads\/sites\/8\/2019\/11\/iik-map-paltamo.png\"\r\n        alt=\"\"\r\n        sizes=\"(min-width: 1024px) 50vw, 100vw\"\r\n        data-srcset=\"https:\/\/investinkainuu.fi\/paltamo\/wp-content\/uploads\/sites\/8\/2019\/11\/iik-map-paltamo-174x300.png 174w, https:\/\/investinkainuu.fi\/paltamo\/wp-content\/uploads\/sites\/8\/2019\/11\/iik-map-paltamo.png 442w\"\r\n        class=\"lazyload\"\r\n      \/>\r\n    <\/div>\r\n    \r\n  <\/div>\r\n<\/div>\r\n\n\n<div id=\"investments-block_7a86ef756848dd291cd1996d4dbf9ae0\" class=\"investments-block\">\r\n  <div class=\"investment-links\">\r\n\r\n  \r\n      <a href=\"#opportunities-block\">Local investment opportunities<\/a>\r\n  \r\n\r\n      <a href=\"https:\/\/www.dealflow.fi\/\" target=\"_blank\">Local companies looking investors<\/a>\r\n    <\/div>\r\n<\/div>\r\n\n\n<div id=\"gallery-block_8ee75b7c6879c29100d1fbd4d1ff50ac\" class=\"gallery-block\">\r\n  <div class=\"gallery-area\">\r\n    <div class=\"title-area\">\r\n          <\/div>\r\n\r\n    <div class=\"site-wrapper\">\r\n      <div class=\"gallery-slider\" id=\"gallery-block_8ee75b7c6879c29100d1fbd4d1ff50ac\">\r\n                <div class=\"gallery-item\">\r\n          <a href=\"https:\/\/investinkainuu.fi\/paltamo\/wp-content\/uploads\/sites\/8\/2020\/07\/Meteli.jpg\">\r\n            <div class=\"gallery-item-image\">\r\n              <img data-src=\"https:\/\/investinkainuu.fi\/paltamo\/wp-content\/uploads\/sites\/8\/2020\/07\/Meteli.jpg\"\r\n                alt=\"\"\r\n                sizes=\"(min-width: 800px) 50vw, 80vw\"\r\n                data-srcset=\"https:\/\/investinkainuu.fi\/paltamo\/wp-content\/uploads\/sites\/8\/2020\/07\/Meteli-300x169.jpg 300w, https:\/\/investinkainuu.fi\/paltamo\/wp-content\/uploads\/sites\/8\/2020\/07\/Meteli.jpg 548w\"\r\n                class=\"lazyload\"\r\n              \/>\r\n            <\/div>\r\n          <\/a>\r\n        <\/div>\r\n                <div class=\"gallery-item\">\r\n          <a href=\"https:\/\/investinkainuu.fi\/paltamo\/wp-content\/uploads\/sites\/8\/2020\/07\/DSC1937E-scaled.jpg\">\r\n            <div class=\"gallery-item-image\">\r\n              <img data-src=\"https:\/\/investinkainuu.fi\/paltamo\/wp-content\/uploads\/sites\/8\/2020\/07\/DSC1937E-1024x576.jpg\"\r\n                alt=\"\"\r\n                sizes=\"(min-width: 800px) 50vw, 80vw\"\r\n                data-srcset=\"https:\/\/investinkainuu.fi\/paltamo\/wp-content\/uploads\/sites\/8\/2020\/07\/DSC1937E-300x169.jpg 300w, https:\/\/investinkainuu.fi\/paltamo\/wp-content\/uploads\/sites\/8\/2020\/07\/DSC1937E-1024x576.jpg 1024w, https:\/\/investinkainuu.fi\/paltamo\/wp-content\/uploads\/sites\/8\/2020\/07\/DSC1937E-768x432.jpg 768w, https:\/\/investinkainuu.fi\/paltamo\/wp-content\/uploads\/sites\/8\/2020\/07\/DSC1937E-1536x864.jpg 1536w, https:\/\/investinkainuu.fi\/paltamo\/wp-content\/uploads\/sites\/8\/2020\/07\/DSC1937E-2048x1152.jpg 2048w, https:\/\/investinkainuu.fi\/paltamo\/wp-content\/uploads\/sites\/8\/2020\/07\/DSC1937E-1920x1080.jpg 1920w, https:\/\/investinkainuu.fi\/paltamo\/wp-content\/uploads\/sites\/8\/2020\/07\/DSC1937E-1600x900.jpg 1600w\"\r\n                class=\"lazyload\"\r\n              \/>\r\n            <\/div>\r\n          <\/a>\r\n        <\/div>\r\n                <div class=\"gallery-item\">\r\n          <a href=\"https:\/\/investinkainuu.fi\/paltamo\/wp-content\/uploads\/sites\/8\/2020\/07\/Meteligolf.jpg\">\r\n            <div class=\"gallery-item-image\">\r\n              <img data-src=\"https:\/\/investinkainuu.fi\/paltamo\/wp-content\/uploads\/sites\/8\/2020\/07\/Meteligolf.jpg\"\r\n                alt=\"\"\r\n                sizes=\"(min-width: 800px) 50vw, 80vw\"\r\n                data-srcset=\"https:\/\/investinkainuu.fi\/paltamo\/wp-content\/uploads\/sites\/8\/2020\/07\/Meteligolf-300x169.jpg 300w, https:\/\/investinkainuu.fi\/paltamo\/wp-content\/uploads\/sites\/8\/2020\/07\/Meteligolf.jpg 548w\"\r\n                class=\"lazyload\"\r\n              \/>\r\n            <\/div>\r\n          <\/a>\r\n        <\/div>\r\n                <div class=\"gallery-item\">\r\n          <a href=\"https:\/\/investinkainuu.fi\/paltamo\/wp-content\/uploads\/sites\/8\/2020\/07\/Mieslahti.jpg\">\r\n            <div class=\"gallery-item-image\">\r\n              <img data-src=\"https:\/\/investinkainuu.fi\/paltamo\/wp-content\/uploads\/sites\/8\/2020\/07\/Mieslahti-1024x768.jpg\"\r\n                alt=\"\"\r\n                sizes=\"(min-width: 800px) 50vw, 80vw\"\r\n                data-srcset=\"https:\/\/investinkainuu.fi\/paltamo\/wp-content\/uploads\/sites\/8\/2020\/07\/Mieslahti-300x225.jpg 300w, https:\/\/investinkainuu.fi\/paltamo\/wp-content\/uploads\/sites\/8\/2020\/07\/Mieslahti-1024x768.jpg 1024w, https:\/\/investinkainuu.fi\/paltamo\/wp-content\/uploads\/sites\/8\/2020\/07\/Mieslahti-768x576.jpg 768w, https:\/\/investinkainuu.fi\/paltamo\/wp-content\/uploads\/sites\/8\/2020\/07\/Mieslahti-1536x1152.jpg 1536w, https:\/\/investinkainuu.fi\/paltamo\/wp-content\/uploads\/sites\/8\/2020\/07\/Mieslahti-1440x1080.jpg 1440w, https:\/\/investinkainuu.fi\/paltamo\/wp-content\/uploads\/sites\/8\/2020\/07\/Mieslahti-1333x1000.jpg 1333w, https:\/\/investinkainuu.fi\/paltamo\/wp-content\/uploads\/sites\/8\/2020\/07\/Mieslahti.jpg 1920w\"\r\n                class=\"lazyload\"\r\n              \/>\r\n            <\/div>\r\n          <\/a>\r\n        <\/div>\r\n                <div class=\"gallery-item\">\r\n          <a href=\"https:\/\/investinkainuu.fi\/paltamo\/wp-content\/uploads\/sites\/8\/2020\/07\/GolfTee15.jpg\">\r\n            <div class=\"gallery-item-image\">\r\n              <img data-src=\"https:\/\/investinkainuu.fi\/paltamo\/wp-content\/uploads\/sites\/8\/2020\/07\/GolfTee15.jpg\"\r\n                alt=\"\"\r\n                sizes=\"(min-width: 800px) 50vw, 80vw\"\r\n                data-srcset=\"https:\/\/investinkainuu.fi\/paltamo\/wp-content\/uploads\/sites\/8\/2020\/07\/GolfTee15-300x169.jpg 300w, https:\/\/investinkainuu.fi\/paltamo\/wp-content\/uploads\/sites\/8\/2020\/07\/GolfTee15.jpg 548w\"\r\n                class=\"lazyload\"\r\n              \/>\r\n            <\/div>\r\n          <\/a>\r\n        <\/div>\r\n                <div class=\"gallery-item\">\r\n          <a href=\"https:\/\/investinkainuu.fi\/paltamo\/wp-content\/uploads\/sites\/8\/2020\/07\/pienempi-kuva-Kuhakunkku.jpg\">\r\n            <div class=\"gallery-item-image\">\r\n              <img data-src=\"https:\/\/investinkainuu.fi\/paltamo\/wp-content\/uploads\/sites\/8\/2020\/07\/pienempi-kuva-Kuhakunkku.jpg\"\r\n                alt=\"\"\r\n                sizes=\"(min-width: 800px) 50vw, 80vw\"\r\n                data-srcset=\"https:\/\/investinkainuu.fi\/paltamo\/wp-content\/uploads\/sites\/8\/2020\/07\/pienempi-kuva-Kuhakunkku-300x200.jpg 300w, https:\/\/investinkainuu.fi\/paltamo\/wp-content\/uploads\/sites\/8\/2020\/07\/pienempi-kuva-Kuhakunkku-768x512.jpg 768w, https:\/\/investinkainuu.fi\/paltamo\/wp-content\/uploads\/sites\/8\/2020\/07\/pienempi-kuva-Kuhakunkku.jpg 826w\"\r\n                class=\"lazyload\"\r\n              \/>\r\n            <\/div>\r\n          <\/a>\r\n        <\/div>\r\n                <div class=\"gallery-item\">\r\n          <a href=\"https:\/\/investinkainuu.fi\/paltamo\/wp-content\/uploads\/sites\/8\/2020\/07\/Luhtis.jpg\">\r\n            <div class=\"gallery-item-image\">\r\n              <img data-src=\"https:\/\/investinkainuu.fi\/paltamo\/wp-content\/uploads\/sites\/8\/2020\/07\/Luhtis.jpg\"\r\n                alt=\"\"\r\n                sizes=\"(min-width: 800px) 50vw, 80vw\"\r\n                data-srcset=\"https:\/\/investinkainuu.fi\/paltamo\/wp-content\/uploads\/sites\/8\/2020\/07\/Luhtis-300x169.jpg 300w, https:\/\/investinkainuu.fi\/paltamo\/wp-content\/uploads\/sites\/8\/2020\/07\/Luhtis.jpg 539w\"\r\n                class=\"lazyload\"\r\n              \/>\r\n            <\/div>\r\n          <\/a>\r\n        <\/div>\r\n                <div class=\"gallery-item\">\r\n          <a href=\"https:\/\/investinkainuu.fi\/paltamo\/wp-content\/uploads\/sites\/8\/2020\/07\/DSC9556-scaled.jpg\">\r\n            <div class=\"gallery-item-image\">\r\n              <img data-src=\"https:\/\/investinkainuu.fi\/paltamo\/wp-content\/uploads\/sites\/8\/2020\/07\/DSC9556-1024x768.jpg\"\r\n                alt=\"\"\r\n                sizes=\"(min-width: 800px) 50vw, 80vw\"\r\n                data-srcset=\"https:\/\/investinkainuu.fi\/paltamo\/wp-content\/uploads\/sites\/8\/2020\/07\/DSC9556-300x225.jpg 300w, https:\/\/investinkainuu.fi\/paltamo\/wp-content\/uploads\/sites\/8\/2020\/07\/DSC9556-1024x768.jpg 1024w, https:\/\/investinkainuu.fi\/paltamo\/wp-content\/uploads\/sites\/8\/2020\/07\/DSC9556-768x576.jpg 768w, https:\/\/investinkainuu.fi\/paltamo\/wp-content\/uploads\/sites\/8\/2020\/07\/DSC9556-1536x1152.jpg 1536w, https:\/\/investinkainuu.fi\/paltamo\/wp-content\/uploads\/sites\/8\/2020\/07\/DSC9556-2048x1536.jpg 2048w, https:\/\/investinkainuu.fi\/paltamo\/wp-content\/uploads\/sites\/8\/2020\/07\/DSC9556-1440x1080.jpg 1440w, https:\/\/investinkainuu.fi\/paltamo\/wp-content\/uploads\/sites\/8\/2020\/07\/DSC9556-1333x1000.jpg 1333w\"\r\n                class=\"lazyload\"\r\n              \/>\r\n            <\/div>\r\n          <\/a>\r\n        <\/div>\r\n                <div class=\"gallery-item\">\r\n          <a href=\"https:\/\/investinkainuu.fi\/paltamo\/wp-content\/uploads\/sites\/8\/2020\/07\/Luhtiksesta_kylalle.jpg\">\r\n            <div class=\"gallery-item-image\">\r\n              <img data-src=\"https:\/\/investinkainuu.fi\/paltamo\/wp-content\/uploads\/sites\/8\/2020\/07\/Luhtiksesta_kylalle.jpg\"\r\n                alt=\"\"\r\n                sizes=\"(min-width: 800px) 50vw, 80vw\"\r\n                data-srcset=\"https:\/\/investinkainuu.fi\/paltamo\/wp-content\/uploads\/sites\/8\/2020\/07\/Luhtiksesta_kylalle-300x169.jpg 300w, https:\/\/investinkainuu.fi\/paltamo\/wp-content\/uploads\/sites\/8\/2020\/07\/Luhtiksesta_kylalle.jpg 541w\"\r\n                class=\"lazyload\"\r\n              \/>\r\n            <\/div>\r\n          <\/a>\r\n        <\/div>\r\n                <div class=\"gallery-item\">\r\n          <a href=\"https:\/\/investinkainuu.fi\/paltamo\/wp-content\/uploads\/sites\/8\/2020\/07\/Rannalla-Picnic-yleis\u00f6\u00e4-hein\u00e4kuussa-2018.jpg\">\r\n            <div class=\"gallery-item-image\">\r\n              <img data-src=\"https:\/\/investinkainuu.fi\/paltamo\/wp-content\/uploads\/sites\/8\/2020\/07\/Rannalla-Picnic-yleis\u00f6\u00e4-hein\u00e4kuussa-2018.jpg\"\r\n                alt=\"\"\r\n                sizes=\"(min-width: 800px) 50vw, 80vw\"\r\n                data-srcset=\"https:\/\/investinkainuu.fi\/paltamo\/wp-content\/uploads\/sites\/8\/2020\/07\/Rannalla-Picnic-yleis\u00f6\u00e4-hein\u00e4kuussa-2018-300x225.jpg 300w, https:\/\/investinkainuu.fi\/paltamo\/wp-content\/uploads\/sites\/8\/2020\/07\/Rannalla-Picnic-yleis\u00f6\u00e4-hein\u00e4kuussa-2018-768x576.jpg 768w, https:\/\/investinkainuu.fi\/paltamo\/wp-content\/uploads\/sites\/8\/2020\/07\/Rannalla-Picnic-yleis\u00f6\u00e4-hein\u00e4kuussa-2018.jpg 960w\"\r\n                class=\"lazyload\"\r\n              \/>\r\n            <\/div>\r\n          <\/a>\r\n        <\/div>\r\n              <\/div>\r\n    <\/div>\r\n\r\n  <\/div>\r\n<\/div>\r\n\n\n<div id=\"opportunities-block\" class=\"opportunities-block\">\r\n  <div class=\"opportunities-block-area\">\r\n    <div class=\"title-area\">\r\n              <h2>Investment opportunities<\/h2>\r\n          <\/div>\r\n\r\n    <div class=\"opportunity-blocks\">\r\n              <div class=\"opportunity-block\">\r\n          <div class=\"opportunity-image object-fit-failsafe\">\r\n                        <img data-src=\"https:\/\/investinkainuu.fi\/paltamo\/wp-content\/uploads\/sites\/8\/2019\/11\/Screenshot-2020-06-01-at-11.25.48.jpg\"\r\n              alt=\"\"\r\n              data-srcset=\"https:\/\/investinkainuu.fi\/paltamo\/wp-content\/uploads\/sites\/8\/2019\/11\/Screenshot-2020-06-01-at-11.25.48-300x202.jpg 300w, https:\/\/investinkainuu.fi\/paltamo\/wp-content\/uploads\/sites\/8\/2019\/11\/Screenshot-2020-06-01-at-11.25.48-1024x689.jpg 1024w, https:\/\/investinkainuu.fi\/paltamo\/wp-content\/uploads\/sites\/8\/2019\/11\/Screenshot-2020-06-01-at-11.25.48-768x516.jpg 768w, https:\/\/investinkainuu.fi\/paltamo\/wp-content\/uploads\/sites\/8\/2019\/11\/Screenshot-2020-06-01-at-11.25.48.jpg 1218w\"\r\n              class=\"lazyload\"\r\n            \/>\r\n                      <\/div>\r\n          <a href=\"https:\/\/investinkainuu.fi\/paltamo\/opportunity\/placeholder-opportunity\/\">\r\n            <h5>Private Sector Opportunities<\/h5>\r\n            <div class=\"opportunity-info\">\r\n                            <b>Tourism<\/b>\r\n                            <p>12.11.2019<\/p>\r\n            <\/div>\r\n            <p>From time to time there can be opportunities in the ownership of the private sector. Information can be subject to Non-Disclosure agreement. Please contact Invest in Kainuu to register to receive this information.\r\n<\/p>\r\n            <p><b>Read more<\/b><\/p>\r\n          <\/a>\r\n        <\/div>\r\n          <\/div>\r\n\r\n  <\/div>\r\n<\/div>\r\n","protected":false},"excerpt":{"rendered":"","protected":false},"author":1,"featured_media":0,"parent":0,"menu_order":0,"comment_status":"closed","ping_status":"open","template":"","meta":{"_acf_changed":false,"inline_featured_image":false,"footnotes":""},"class_list":["post-2","page","type-page","status-publish","hentry"],"acf":[],"yoast_head":"<!-- This site is optimized with the Yoast SEO plugin v27.4 - https:\/\/yoast.com\/product\/yoast-seo-wordpress\/ -->\n<title>Invest in Paltamo - Paltamo<\/title>\n<meta name=\"robots\" content=\"index, follow, max-snippet:-1, max-image-preview:large, max-video-preview:-1\" \/>\n<link rel=\"canonical\" href=\"https:\/\/investinkainuu.fi\/paltamo\/\" \/>\n<meta property=\"og:locale\" content=\"en_GB\" \/>\n<meta property=\"og:type\" content=\"article\" \/>\n<meta property=\"og:title\" content=\"Invest in Paltamo - Paltamo\" \/>\n<meta property=\"og:url\" content=\"https:\/\/investinkainuu.fi\/paltamo\/\" \/>\n<meta property=\"og:site_name\" content=\"Paltamo\" \/>\n<meta property=\"article:modified_time\" content=\"2024-12-11T13:29:52+00:00\" \/>\n<meta name=\"twitter:card\" content=\"summary_large_image\" \/>\n<script type=\"application\/ld+json\" class=\"yoast-schema-graph\">{\"@context\":\"https:\\\/\\\/schema.org\",\"@graph\":[{\"@type\":\"WebPage\",\"@id\":\"https:\\\/\\\/investinkainuu.fi\\\/paltamo\\\/\",\"url\":\"https:\\\/\\\/investinkainuu.fi\\\/paltamo\\\/\",\"name\":\"Invest in Paltamo - Paltamo\",\"isPartOf\":{\"@id\":\"https:\\\/\\\/investinkainuu.fi\\\/paltamo\\\/#website\"},\"datePublished\":\"2019-08-23T08:03:26+00:00\",\"dateModified\":\"2024-12-11T13:29:52+00:00\",\"breadcrumb\":{\"@id\":\"https:\\\/\\\/investinkainuu.fi\\\/paltamo\\\/#breadcrumb\"},\"inLanguage\":\"en-GB\",\"potentialAction\":[{\"@type\":\"ReadAction\",\"target\":[\"https:\\\/\\\/investinkainuu.fi\\\/paltamo\\\/\"]}]},{\"@type\":\"BreadcrumbList\",\"@id\":\"https:\\\/\\\/investinkainuu.fi\\\/paltamo\\\/#breadcrumb\",\"itemListElement\":[{\"@type\":\"ListItem\",\"position\":1,\"name\":\"Paltamo\",\"item\":\"https:\\\/\\\/investinkainuu.fi\\\/paltamo\\\/\"},{\"@type\":\"ListItem\",\"position\":2,\"name\":\"Paltamo\"}]},{\"@type\":\"WebSite\",\"@id\":\"https:\\\/\\\/investinkainuu.fi\\\/paltamo\\\/#website\",\"url\":\"https:\\\/\\\/investinkainuu.fi\\\/paltamo\\\/\",\"name\":\"Paltamo\",\"description\":\"\",\"publisher\":{\"@id\":\"https:\\\/\\\/investinkainuu.fi\\\/paltamo\\\/#organization\"},\"potentialAction\":[{\"@type\":\"SearchAction\",\"target\":{\"@type\":\"EntryPoint\",\"urlTemplate\":\"https:\\\/\\\/investinkainuu.fi\\\/paltamo\\\/?s={search_term_string}\"},\"query-input\":{\"@type\":\"PropertyValueSpecification\",\"valueRequired\":true,\"valueName\":\"search_term_string\"}}],\"inLanguage\":\"en-GB\"},{\"@type\":\"Organization\",\"@id\":\"https:\\\/\\\/investinkainuu.fi\\\/paltamo\\\/#organization\",\"name\":\"Invest in Kainuu\",\"url\":\"https:\\\/\\\/investinkainuu.fi\\\/paltamo\\\/\",\"logo\":{\"@type\":\"ImageObject\",\"inLanguage\":\"en-GB\",\"@id\":\"https:\\\/\\\/investinkainuu.fi\\\/paltamo\\\/#\\\/schema\\\/logo\\\/image\\\/\",\"url\":\"https:\\\/\\\/investinkainuu.fi\\\/paltamo\\\/wp-content\\\/uploads\\\/sites\\\/8\\\/2020\\\/03\\\/invest-in-kainuu.svg\",\"contentUrl\":\"https:\\\/\\\/investinkainuu.fi\\\/paltamo\\\/wp-content\\\/uploads\\\/sites\\\/8\\\/2020\\\/03\\\/invest-in-kainuu.svg\",\"width\":\"1024\",\"height\":\"1024\",\"caption\":\"Invest in Kainuu\"},\"image\":{\"@id\":\"https:\\\/\\\/investinkainuu.fi\\\/paltamo\\\/#\\\/schema\\\/logo\\\/image\\\/\"}}]}<\/script>\n<!-- \/ Yoast SEO plugin. -->","yoast_head_json":{"title":"Invest in Paltamo - Paltamo","robots":{"index":"index","follow":"follow","max-snippet":"max-snippet:-1","max-image-preview":"max-image-preview:large","max-video-preview":"max-video-preview:-1"},"canonical":"https:\/\/investinkainuu.fi\/paltamo\/","og_locale":"en_GB","og_type":"article","og_title":"Invest in Paltamo - Paltamo","og_url":"https:\/\/investinkainuu.fi\/paltamo\/","og_site_name":"Paltamo","article_modified_time":"2024-12-11T13:29:52+00:00","twitter_card":"summary_large_image","schema":{"@context":"https:\/\/schema.org","@graph":[{"@type":"WebPage","@id":"https:\/\/investinkainuu.fi\/paltamo\/","url":"https:\/\/investinkainuu.fi\/paltamo\/","name":"Invest in Paltamo - Paltamo","isPartOf":{"@id":"https:\/\/investinkainuu.fi\/paltamo\/#website"},"datePublished":"2019-08-23T08:03:26+00:00","dateModified":"2024-12-11T13:29:52+00:00","breadcrumb":{"@id":"https:\/\/investinkainuu.fi\/paltamo\/#breadcrumb"},"inLanguage":"en-GB","potentialAction":[{"@type":"ReadAction","target":["https:\/\/investinkainuu.fi\/paltamo\/"]}]},{"@type":"BreadcrumbList","@id":"https:\/\/investinkainuu.fi\/paltamo\/#breadcrumb","itemListElement":[{"@type":"ListItem","position":1,"name":"Paltamo","item":"https:\/\/investinkainuu.fi\/paltamo\/"},{"@type":"ListItem","position":2,"name":"Paltamo"}]},{"@type":"WebSite","@id":"https:\/\/investinkainuu.fi\/paltamo\/#website","url":"https:\/\/investinkainuu.fi\/paltamo\/","name":"Paltamo","description":"","publisher":{"@id":"https:\/\/investinkainuu.fi\/paltamo\/#organization"},"potentialAction":[{"@type":"SearchAction","target":{"@type":"EntryPoint","urlTemplate":"https:\/\/investinkainuu.fi\/paltamo\/?s={search_term_string}"},"query-input":{"@type":"PropertyValueSpecification","valueRequired":true,"valueName":"search_term_string"}}],"inLanguage":"en-GB"},{"@type":"Organization","@id":"https:\/\/investinkainuu.fi\/paltamo\/#organization","name":"Invest in Kainuu","url":"https:\/\/investinkainuu.fi\/paltamo\/","logo":{"@type":"ImageObject","inLanguage":"en-GB","@id":"https:\/\/investinkainuu.fi\/paltamo\/#\/schema\/logo\/image\/","url":"https:\/\/investinkainuu.fi\/paltamo\/wp-content\/uploads\/sites\/8\/2020\/03\/invest-in-kainuu.svg","contentUrl":"https:\/\/investinkainuu.fi\/paltamo\/wp-content\/uploads\/sites\/8\/2020\/03\/invest-in-kainuu.svg","width":"1024","height":"1024","caption":"Invest in Kainuu"},"image":{"@id":"https:\/\/investinkainuu.fi\/paltamo\/#\/schema\/logo\/image\/"}}]}},"lang":"en","translations":{"en":2},"pll_sync_post":[],"_links":{"self":[{"href":"https:\/\/investinkainuu.fi\/paltamo\/wp-json\/wp\/v2\/pages\/2","targetHints":{"allow":["GET"]}}],"collection":[{"href":"https:\/\/investinkainuu.fi\/paltamo\/wp-json\/wp\/v2\/pages"}],"about":[{"href":"https:\/\/investinkainuu.fi\/paltamo\/wp-json\/wp\/v2\/types\/page"}],"author":[{"embeddable":true,"href":"https:\/\/investinkainuu.fi\/paltamo\/wp-json\/wp\/v2\/users\/1"}],"replies":[{"embeddable":true,"href":"https:\/\/investinkainuu.fi\/paltamo\/wp-json\/wp\/v2\/comments?post=2"}],"version-history":[{"count":68,"href":"https:\/\/investinkainuu.fi\/paltamo\/wp-json\/wp\/v2\/pages\/2\/revisions"}],"predecessor-version":[{"id":460,"href":"https:\/\/investinkainuu.fi\/paltamo\/wp-json\/wp\/v2\/pages\/2\/revisions\/460"}],"wp:attachment":[{"href":"https:\/\/investinkainuu.fi\/paltamo\/wp-json\/wp\/v2\/media?parent=2"}],"curies":[{"name":"wp","href":"https:\/\/api.w.org\/{rel}","templated":true}]}}